{"id":6907,"date":"2021-03-10T07:56:51","date_gmt":"2021-03-10T07:56:51","guid":{"rendered":"https:\/\/www.demoapus-wp1.com\/superio-import2\/?page_id=3"},"modified":"2022-06-20T16:36:09","modified_gmt":"2022-06-20T16:36:09","slug":"impressum","status":"publish","type":"page","link":"https:\/\/kulturhelfer-hannover.de\/?page_id=6907","title":{"rendered":"Impressum"},"content":{"rendered":"\t\t<div data-elementor-type=\"wp-page\" data-elementor-id=\"6907\" class=\"elementor elementor-6907\">\n\t\t\t\t\t\t<section class=\"elementor-section elementor-top-section elementor-element elementor-element-7015129d elementor-section-boxed elementor-section-height-default elementor-section-height-default\" data-id=\"7015129d\" data-element_type=\"section\">\n\t\t\t\t\t\t<div class=\"elementor-container elementor-column-gap-default\">\n\t\t\t\t\t<div class=\"elementor-column elementor-col-100 elementor-top-column elementor-element elementor-element-7592fbff\" data-id=\"7592fbff\" data-element_type=\"column\">\n\t\t\t<div class=\"elementor-widget-wrap elementor-element-populated\">\n\t\t\t\t\t\t<div class=\"elementor-element elementor-element-772f9946 elementor-widget elementor-widget-text-editor\" data-id=\"772f9946\" data-element_type=\"widget\" data-widget_type=\"text-editor.default\">\n\t\t\t\t<div class=\"elementor-widget-container\">\n\t\t\t\t\t\t\t\t\t<p><\/p>\n<h2 class=\"wp-block-heading\">Impressum<\/h2>\n<p><\/p>\n<div class=\"left\" style=\"margin-left: 0;\">\n<div class=\"text-content-wrapper clearfix\">\n<p><strong>Ein Dienst von:<br \/>Hannover Concerts GmbH &amp; Co. KG Betriebsgesellschaft<\/strong><br \/>Ferdinand-Wilhelm-Fricke-Weg 8<br \/>30169 Hannover \u2013 Germany<\/p>\n<p>Tel.: +49(0) 511-929 88-0<br \/>Fax: +49(0) 511-929 88-47<br \/>E-Mail: <a href=\"mailto:info@hannover-concerts.de\">info@hannover-concerts.de<\/a><\/p>\n<p>Gesch\u00e4ftsf\u00fchrer: Nico R\u00f6ger, Thassilo Gehrke<br \/>phG: Hannover Concerts Verwaltungs-GmbH, HRB 56457<br \/>Kommanditgesellschaft in Hannover,\u00a0 Amtsgericht Hannover HRA25680<br \/>USt.-ID: DE 812525986 \/ Umsatzsteuer-Nr.: 25\/216\/05705<\/p>\n<p>Mitglied im Verband Deutscher Konzertdirektionen e.V.<\/p>\n<p><strong>Webdesign &amp; Programmierung<\/strong><br \/>Alexander K\u00fchn<\/p>\n<p><strong>Dienstanbieter und inhaltlich verantwortlich (gem. TMG):<\/strong><br \/>Hannover Concerts GmbH &amp; Co. KG Betriebsgesellschaft<\/p>\n<p><strong>Haftungsausschluss (Disclaimer)<br \/>Haftung f\u00fcr Inhalte<\/strong><\/p>\n<p>Als Diensteanbieter sind wir gem\u00e4\u00df \u00a7 7 Abs.1 TMG f\u00fcr eigene Inhalte auf diesen Seiten nach den allgemeinen Gesetzen verantwortlich. Nach \u00a7\u00a7 8 bis 10 TMG sind wir als Diensteanbieter jedoch nicht verpflichtet, \u00fcbermittelte oder gespeicherte fremde Informationen zu \u00fcberwachen oder nach Umst\u00e4nden zu forschen, die auf eine rechtswidrige T\u00e4tigkeit hinweisen. Verpflichtungen zur Entfernung oder Sperrung der Nutzung von Informationen nach den allgemeinen Gesetzen bleiben hiervon unber\u00fchrt. Eine diesbez\u00fcgliche Haftung ist jedoch erst ab dem Zeitpunkt der Kenntnis einer konkreten Rechtsverletzung m\u00f6glich. Bei Bekanntwerden von entsprechenden Rechtsverletzungen werden wir diese Inhalte umgehend entfernen.<\/p>\n<p><strong>Haftung f\u00fcr Links<\/strong><\/p>\n<p>Unser Angebot enth\u00e4lt Links zu externen Webseiten Dritter, auf deren Inhalte wir keinen Einfluss haben. Deshalb k\u00f6nnen wir f\u00fcr diese fremden Inhalte auch keine Gew\u00e4hr \u00fcbernehmen. F\u00fcr die Inhalte der verlinkten Seiten ist stets der jeweilige Anbieter oder Betreiber der Seiten verantwortlich. Die verlinkten Seiten wurden zum Zeitpunkt der Verlinkung auf m\u00f6gliche Rechtsverst\u00f6\u00dfe \u00fcberpr\u00fcft. Rechtswidrige Inhalte waren zum Zeitpunkt der Verlinkung nicht erkennbar. Eine permanente inhaltliche Kontrolle der verlinkten Seiten ist jedoch ohne konkrete Anhaltspunkte einer Rechtsverletzung nicht zumutbar. Bei Bekanntwerden von Rechtsverletzungen werden wir derartige Links umgehend entfernen.<\/p>\n<p><strong>Urheberrecht<\/strong><\/p>\n<p>Die durch die Seitenbetreiber erstellten Inhalte und Werke auf diesen Seiten unterliegen dem deutschen Urheberrecht. Die Vervielf\u00e4ltigung, Bearbeitung, Verbreitung und jede Art der Verwertung au\u00dferhalb der Grenzen des Urheberrechtes bed\u00fcrfen der schriftlichen Zustimmung des jeweiligen Autors bzw. Erstellers. Downloads und Kopien dieser Seite sind nur f\u00fcr den privaten, nicht kommerziellen Gebrauch gestattet. Soweit die Inhalte auf dieser Seite nicht vom Betreiber erstellt wurden, werden die Urheberrechte Dritter beachtet. Insbesondere werden Inhalte Dritter als solche gekennzeichnet. Sollten Sie trotzdem auf eine Urheberrechtsverletzung aufmerksam werden, bitten wir um einen entsprechenden Hinweis. Bei Bekanntwerden von Rechtsverletzungen werden wir derartige Inhalte umgehend entfernen.<\/p>\n<p>\u00a0<i>Quellen: <a href=\"http:\/\/www.e-recht24.de\/muster-disclaimer.html\" target=\"_blank\" rel=\"nofollow noopener noreferrer\">Disclaimer eRecht24<\/a><\/i><\/p>\n<p><strong>Rechtshinweis<\/strong><\/p>\n<p>Alle in unseren Internetseiten enthaltenen Angaben und Informationen wurden von der Hannover Concerts GmbH &amp; Co. KG Betriebsgesellschaft sorgf\u00e4ltig recherchiert und gepr\u00fcft. F\u00fcr Richtigkeit, Vollst\u00e4ndigkeit und Aktualit\u00e4t k\u00f6nnen weder die Hannover Concerts GmbH &amp; Co. KG Betriebsgesellschaft noch Lieferanten die Haftung \u00fcbernehmen. Alle Informationen dienen ausschlie\u00dflich zur Information der Besucher des Onlineangebotes. Im \u00fcbrigen ist die Haftung auf Vorsatz und grobe Fahrl\u00e4ssigkeit beschr\u00e4nkt. F\u00fcr Internetseiten Dritter, auf die die Hannover Concerts GmbH &amp; Co. KG Betriebsgesellschaft durch Hyperlink verweist, tragen die jeweiligen Anbieter die Verantwortung. Die Hannover Concerts GmbH &amp; Co. KG Betriebsgesellschaft ist f\u00fcr den Inhalt solcher Seiten Dritter nicht verantwortlich. Des Weiteren kann die Website der Hannover Concerts GmbH &amp; Co. KG Betriebsgesellschaft ohne deren Wissen von einer anderen Seite mittels Hyperlink angelinkt worden sein. Die Hannover Concerts GmbH &amp; Co. KG Betriebsgesellschaft \u00fcbernimmt keine Verantwortung f\u00fcr Darstellung, Inhalt oder irgendeiner Verbindung zur Hannover Concerts GmbH &amp; Co. KG Betriebsgesellschaft in Websites Dritter. Au\u00dferdem beh\u00e4lt sich die Hannover Concerts GmbH &amp; Co. KG Betriebsgesellschaft das Recht vor, \u00c4nderungen oder Erg\u00e4nzungen der bereitgestellten Informationen vorzunehmen.<\/p>\n<\/div>\n<\/div>\n<p><\/p>\t\t\t\t\t\t\t\t<\/div>\n\t\t\t\t<\/div>\n\t\t\t\t\t<\/div>\n\t\t<\/div>\n\t\t\t\t\t<\/div>\n\t\t<\/section>\n\t\t\t\t<\/div>\n\t\t","protected":false},"excerpt":{"rendered":"<p>Impressum Ein Dienst von:Hannover Concerts GmbH &amp; Co. KG BetriebsgesellschaftFerdinand-Wilhelm-Fricke-Weg 830169 Hannover \u2013 Germany Tel.: +49(0) 511-929 88-0Fax: +49(0) 511-929 88-47E-Mail: info@hannover-concerts.de Gesch\u00e4ftsf\u00fchrer: Nico R\u00f6ger, Thassilo GehrkephG: Hannover Concerts Verwaltungs-GmbH, HRB 56457Kommanditgesellschaft in Hannover,\u00a0 Amtsgericht Hannover HRA25680USt.-ID: DE 812525986 \/ Umsatzsteuer-Nr.: 25\/216\/05705 Mitglied im Verband Deutscher Konzertdirektionen e.V. Webdesign &amp; ProgrammierungAlexander K\u00fchn Dienstanbieter und inhaltlich [&hellip;]<\/p>\n","protected":false},"author":2,"featured_media":0,"parent":0,"menu_order":0,"comment_status":"closed","ping_status":"closed","template":"","meta":{"footnotes":""},"class_list":["post-6907","page","type-page","status-publish","hentry"],"_links":{"self":[{"href":"https:\/\/kulturhelfer-hannover.de\/index.php?rest_route=\/wp\/v2\/pages\/6907","targetHints":{"allow":["GET"]}}],"collection":[{"href":"https:\/\/kulturhelfer-hannover.de\/index.php?rest_route=\/wp\/v2\/pages"}],"about":[{"href":"https:\/\/kulturhelfer-hannover.de\/index.php?rest_route=\/wp\/v2\/types\/page"}],"author":[{"embeddable":true,"href":"https:\/\/kulturhelfer-hannover.de\/index.php?rest_route=\/wp\/v2\/users\/2"}],"replies":[{"embeddable":true,"href":"https:\/\/kulturhelfer-hannover.de\/index.php?rest_route=%2Fwp%2Fv2%2Fcomments&post=6907"}],"version-history":[{"count":0,"href":"https:\/\/kulturhelfer-hannover.de\/index.php?rest_route=\/wp\/v2\/pages\/6907\/revisions"}],"wp:attachment":[{"href":"https:\/\/kulturhelfer-hannover.de\/index.php?rest_route=%2Fwp%2Fv2%2Fmedia&parent=6907"}],"curies":[{"name":"wp","href":"https:\/\/api.w.org\/{rel}","templated":true}]}}